7))/(3/6)?
7
Let v = 243 + -103. What is the hundreds digit of v?
1
Suppose 3*r + r = -20, -4*m - r = 33. What is the units digit of m/(7/(-76)) + 0?
6
Suppose 643 = 27*t - 6620. What is the tens digit of t?
6
Let k(g) = 183*g**3 - 3*g**2 - 4*g - 10. What is the hundreds digit of k(3)?
8
Let t be 1 + 4 + (-8)/4. Suppose -r = b + t - 36, 4*b = -5*r + 130. What is the units digit of b?
5
Suppose 0 = 13*m - m - 5784. What is the hundreds digit of m?
4
Let a(s) = -4*s - 12. Suppose 6*q + 56 = -2*q. What is the units digit of a(q)?
6
Let g = 11788 - 7728. What is the tens digit of g?
6
Let d = 3 + 13. Suppose d*s - 451 = 5*s. What is the units digit of s?
1
Suppose -10*r + 3192 = 4*r. Let x = r + -36. What is the tens digit of x?
9
Suppose 5*q + 0*i = 3*i + 13, 3*q - 2*i - 7 = 0. Suppose 0*a - 25 = -q*a. Suppose 0*d + a = 5*d. What is the units digit of d?
1
Let t = -26 - -20. What is the units digit of (-110)/(-5)*(-15)/t?
5
Let p(s) = -21*s + 18. Let z be (-8)/((-2 + -4)/(-3)). What is the units digit of p(z)?
2
Suppose -1044 - 4778 = -2*a. What is the tens digit of a?
1
Suppose -666 = 4*a - 10*a. What is the hundreds digit of a?
1
Suppose 605 = 117*d - 116*d. What is the units digit of d?
5
Let f be 2*(-2)/4 - -21. Suppose 0*j + 3*p = 2*j + 5, -f = -5*j + p. Suppose -2*n = -j*n - 5*h + 6, -4*n + 3*h = -8. What is the units digit of n?
2
Let u be 6/(-9)*1*-6. Suppose -12 = -4*p + u*f, p + 12 = 2*p - 4*f. Suppose p = 4*y - y - 51. What is the tens digit of y?
1
Suppose -5*a + 3*f + 4 = -2, -5*a - 10 = 5*f. Suppose a = -20*c + 16*c + 8. Suppose u - c*w = -6*w + 17, 4*u - 2*w = 68. What is the tens digit of u?
1
Let g = -13 + 8. Let m be g + 3 + 3 + 178. Suppose 0 = -5*s + 1 + m. What is the tens digit of s?
3
Suppose 4 = 9*p - 7*p. Suppose p*n = 5 + 13. Suppose -n = -2*a + 31. What is the tens digit of a?
2
Suppose -4655 = -3*k - 683. What is the tens digit of k?
2
Let z(s) = 155*s - 37. Let m be z(3). Suppose -m = -x - x. What is the hundreds digit of x?
2
Let d be (-4 - (-2)/1) + -48. Let n(a) = 34*a - 2. Let m be n(-2). Let q = d - m. What is the units digit of q?
0
Suppose q = -5*v + 2902, 4*v + q + 0*q = 2322. What is the tens digit of v?
8
Let j = 1409 - 778. What is the units digit of j?
1
Suppose -3*k = -2*l - 1, 2*l - 2*k + 31 = -5*k. What is the tens digit of 4/l - (-39)/2 - 0?
1
Let w(g) = g**3 + 6*g**2 - 8*g - 5. Let o be w(-7). Suppose -o*a - a = -57. Suppose 0 = 2*b + b - s - a, 0 = -b - 5*s + 17. What is the units digit of b?
7
Let v = -102 + 138. What is the units digit of (v/5)/(-5 - 53/(-10))?
4
Suppose -s + 12 = 6. Let k(u) = -2*u**2 + 14*u - 6. What is the units digit of k(s)?
6
Let b = -6 + 10. Suppose n - 50 = -b*n. What is the units digit of (n - -4)/(1*2)?
7
Let z(h) be the third derivative of 23/60*h**5 + 0 - h**2 + 0*h**3 + 1/24*h**4 + 0*h. What is the tens digit of z(-1)?
2
Let m = -3087 - -7223. What is the tens digit of m?
3
Suppose 24*l = 29*l - 115. What is the tens digit of l?
2
Let b = -14 - -14. Suppose 4*w - 4*q = 344, b*w + 360 = 4*w + 4*q. Suppose w = -a + 5*a. What is the units digit of a?
2
What is the units digit of (-7080)/(-35) + (-2)/7?
2
Suppose 7*y + 100 = 11*y. Suppose y = b - 8. Let j = -29 + b. What is the units digit of j?
4
Let d(l) = -l**2 - 15*l - 10. Suppose -14 = q - 2*m, 2*q - m = -3*m - 22. Let h be d(q). Suppose x = h - 10. What is the tens digit of x?
1
Let l = 27 - 21. What is the units digit of ((-4)/(-10))/(l/90)?
6
Let r(h) = h**2 - 7*h + 2. Let a be r(7). Suppose 2*t + a = 3*b + 6, -2*b - 4*t + 24 = 0. What is the units digit of -30*b/(-10)*2?
2
Let h = 0 + 2. Suppose -9 = -5*c + 4*s - 0*s, c - h*s + 3 = 0. What is the units digit of c?
5
Let k(q) = 35*q - 8. Let h be k(3). Let f = h - -47. What is the units digit of f?
4
Suppose 3*j - y + 9 + 22 = 0, 4*y = -4*j - 20. Let z be 3/j*3*-7. Suppose -z*t = -4*t - 108. What is the tens digit of t?
3
Suppose 14*r - 19*r + 15 = 0. Let k(t) = -12*t + 2 - 7 + 2 + r*t. What is the tens digit of k(-6)?
5
Let l(u) = u - 20. Let r be l(5). Let v(t) = t + 1. Let q(f) = -9*f + 13. Let b(k) = q(k) + 6*v(k). What is the units digit of b(r)?
4
Let s be (-1296)/(-34) + 14/(-119). Let p be s - (3 - (-2 - -1)). Suppose -3*t + 123 = -h, t - 2*h + 4*h - p = 0. What is the tens digit of t?
4
Let w = 45 + -42. Suppose -5*b - 3*l + 703 = 0, 0*l - w*l + 3 = 0. What is the units digit of b?
0
Let f = -14 - -21. What is the tens digit of 21/f + -1 + 43?
4
Let r = 18 - 8. Let v = 15 - r. Suppose 0 = v*z - 102 - 28. What is the tens digit of z?
2
Suppose -15 = -5*f, -4*g - 13 + 37 = 4*f. Suppose q + 4*j - 8 = 0, 4*j - 24 = -g*q + 8*j. What is the units digit of q?
8
Let d(l) = 2*l**3 - 26*l**2 - 17*l - 4. Let c = -49 - -63. What is the units digit of d(c)?
0
Let p be (3 - -1)*(-28)/(-8)*19. Let q = -138 + p. What is the tens digit of q?
2
Suppose 2*n - 138 = 38. Let v = 130 - n. What is the units digit of v?
2
Let o = 13 + -10. Let u be (-9)/o + 1*-3. What is the units digit of (-38)/u - (-52)/(-39)?
5
Let w(x) = x**3 + 14*x**2 + x + 2. Let h be -1*(-5)/(15/(-42)). Let n be w(h). Let f = n + 13. What is the units digit of f?
1
Let d(i) = 425*i + 98. What is the hundreds digit of d(1)?
5
Let w be 18/12*(-12)/(-2). Let p(k) = -6*k + 9. Let c(d) = 5*d - 10. Let t(r) = 3*c(r) + 2*p(r). What is the tens digit of t(w)?
1
Suppose -q + 4*q - 498 = 0. Let k = -104 + q. What is the units digit of k?
2
Let a = 1 - -2. Suppose -3 = -n - 3*k, 0 = a*n - 2*n - k - 3. Suppose -5*w = -n - 2. What is the units digit of w?
1
Suppose -4*m = -0*m + 2*r - 12, -3*m + 3*r = -9. Let b(w) = 17*w + 12. What is the tens digit of b(m)?
6
Suppose -5*q - 3*s = 441, -s - 229 = 2*q - 52. What is the units digit of (0 + -2)/1 - q?
8
Let r(b) = 31*b + 15. What is the hundreds digit of r(8)?
2
Let u = -2348 + 5151. What is the tens digit of u?
0
Let f be -1*(-2)/((-2)/1). What is the tens digit of 45/2 - f/(-2)?
2
Let k be 3 - (-2)/(8/(-12)). Suppose k = 4*s + 12 - 268. Suppose 6*u = 3*u - 4*w + s, -102 = -4*u - 2*w. What is the tens digit of u?
2
Let q = -26 - -24. What is the units digit of q*5/(-15)*3?
2
Let n = -185 - -276. What is the tens digit of n?
9
Suppose 7*v + 175 = -0*v. Let m = 12 - v. What is the units digit of m - (-2)/4*-8?
3
Let c = 599 + -220. What is the tens digit of c?
7
Let p(j) = j**2 + 3*j + 18. Suppose -3*r - r + 44 = 0. Let c be p(r). Suppose 8*t = 12*t - c. What is the tens digit of t?
4
Let u(q) = -q**3 - 11*q**2 - 11*q - 4. Let d be u(-10). Suppose 2*k - 3*o = d + 13, k - 17 = 3*o. What is the units digit of k?
2
Suppose 0 = 2*i - 4*r - 4, -5*i - r = -32. Suppose -i*o + 47 = -79. What is the tens digit of o?
2
Let f(m) = -m + 7. Let c(k) be the second derivative of 3*k**5/20 + k**4/4 - k**2 - 3*k. Let y be c(-2). What is the units digit of f(y)?
1
Suppose -9*u + 5*u = -392. Suppose u = -5*j + 303. What is the tens digit of j?
4
What is the tens digit of (20 - 9 - 8) + 199 + -1?
0
Suppose -133 = -3*g + 4*m, 3*g + 39 = 4*g + 4*m. Suppose g*d = 48*d - 500. What is the tens digit of d?
0
Suppose 0 = -a + 5*i + 178, 3*a - 7*i - 464 = -6*i. What is the hundreds digit of a?
1
Let h(f) = -233*f - 2. Let l be h(-3). Let y be l/3 - 12/(-18). Suppose 5*w - y = 3*d, -4*w - 2*d + 181 = d. What is the units digit of w?
6
Let x be 2 - (-3 - -4)*0. Suppose x*p = 8*p - 216. What is the tens digit of p?
3
Suppose -4*x = -3*a + 26, -2 = -2*a + 2. Let w(t) = 2*t**2 + 6*t - 6. What is the units digit of w(x)?
4
Suppose -p - 2*p + 27 = 0. Let u(o) = -o + 11. Let g be u(p). Suppose -5*n + 4*m = -97, n - g*m - 21 - 2 = 0. What is the tens digit of n?
1
Suppose m = 9*h - 8*h - 1726, -4*h + 6895 = -m. What is the hundreds digit of h?
7
Let o(l) = -2 + 3*l - 2 - 12*l. What is the tens digit of o(-4)?
3
Let r(f) = 3*f**3 - f**2 + 1. Let k be r(1). Let z = 200 - 164. Suppose k*u + 6*u = z. What is the units digit of u?
4
Suppose 2*t + 12930 = 5*h, -36*t + 32*t = 2*h - 5196. What is the tens digit of h?
8
Let w be 6/4 - 696/(-48). Let f(j) = 19*j**2. Let v be f(-1). Suppose w*k - v*k + 12 = 0. What is the units digit of k?
4
Suppose -13*a + 12*a + 10 = 0. What is the tens digit of 4/(-20) + 582/a?
5
Let s = 1276 - 236. What is the hundreds digit of s?
0
Suppose 2*f - 72 = -4*f. Let v be (3/4)/(3/f)